-24 (base 10) to base 16.
-18
What is 30 (base 8) in base 6?
40
Convert -1 (base 6) to base 15.
-1
-51 (base 8) to base 11
-38
84 (base 9) to base 15
51
2 (base 5) to base 6
2
What is -1 (base 4) in base 5?
-1
What is 7 (base 13) in base 9?
7
What is 2 (base 10) in base 8?
2
Convert 4 (base 14) to base 10.
4
Convert 0 (base 6) to base 10.
0
3 (base 10) to base 13
3
What is 1 (base 2) in base 8?
1
What is 2 (base 10) in base 16?
2
303 (base 5) to base 7
141
111 (base 3) to base 9
14
15 (base 16) to base 12
19
-59 (base 14) to base 6
-211
Convert -3 (base 15) to base 2.
-11
10001 (base 3) to base 15
57
1 (base 7) to base 9
1
Convert 15 (base 16) to base 11.
1a
11001 (base 3) to base 9
131
4 (base 5) to base 2
100
What is 0 (base 3) in base 4?
0
Convert 1011 (base 2) to base 7.
14
What is 130 (base 5) in base 14?
2c
What is 23 (base 8) in base 7?
25
What is 2 (base 6) in base 8?
2
-1020 (base 3) to base 8
-41
Convert -10011 (base 4) to base 16.
-105
What is -48 (base 12) in base 8?
-70
Convert 7 (base 16) to base 4.
13
1 (base 11) to base 13
1
63 (base 15) to base 16
5d
Convert -19 (base 13) to base 7.
-31
Convert -211 (base 3) to base 8.
-26
-32 (base 4) to base 14
-10
400 (base 5) to base 2
1100100
130 (base 5) to base 8
50
-21 (base 10) to base 12
-19
13 (base 12) to base 10
15
-4 (base 12) to base 7
-4
-101 (base 2) to base 6
-5
Convert 1a (base 13) to base 10.
23
22 (base 8) to base 7
24
Convert -11 (base 14) to base 11.
-14
Convert 232 (base 4) to base 14.
34
-110 (base 3) to base 4
-30
What is 0 (base 15) in base 4?
0
Convert 1 (base 14) to base 10.
1
Convert 30 (base 4) to base 10.
12
Convert -2 (base 10) to base 5.
-2
1 (base 6) to base 13
1
What is 11 (base 3) in base 15?
4
10 (base 3) to base 2
11
Convert -101 (base 3) to base 12.
-a
Convert 100 (base 7) to base 2.
110001
What is 4b (base 14) in base 12?
57
13 (base 6) to base 8
11
-111 (base 2) to base 15
-7
What is -3b (base 15) in base 13?
-44
-14 (base 9) to base 4
-31
What is -11 (base 13) in base 9?
-15
Convert 0 (base 4) to base 11.
0
Convert 35 (base 6) to base 7.
32
-21 (base 5) to base 6
-15
Convert -12 (base 3) to base 10.
-5
Convert -5a (base 14) to base 3.
-2222
Convert 1 (base 11) to base 8.
1
-12c (base 15) to base 10
-267
1 (base 13) to base 12
1
-18 (base 16) to base 12
-20
-1 (base 16) to base 8
-1
Convert 1 (base 11) to base 15.
1
Convert 54 (base 14) to base 16.
4a
Convert -5 (base 9) to base 11.
-5
-13 (base 11) to base 3
-112
What is 2 (base 12) in base 7?
2
What is 45 (base 11) in base 10?
49
What is 20 (base 11) in base 3?
211
Convert -9 (base 10) to base 4.
-21
41 (base 5) to base 8
25
Convert -1 (base 7) to base 10.
-1
2 (base 7) to base 13
2
-10201 (base 3) to base 8
-144
What is 12 (base 4) in base 8?
6
What is -21 (base 15) in base 2?
-11111
-65 (base 8) to base 14
-3b
What is 10 (base 9) in base 5?
14
Convert 30 (base 5) to base 3.
120
What is 30 (base 8) in base 6?
40
1a (base 15) to base 5
100
-10 (base 3) to base 15
-3
Convert 7 (base 10) to base 5.
12
Convert 0 (base 6) to base 9.
0
1 (base 16) to base 14
1
6 (base 9) to base 3
20
What is 4 (base 10) in base 8?
4
Convert 1200 (base 3) to base 12.
39
0 (base 7) to base 10
0
What is 1 (base 4) in base 3?
1
What is -5 (base 15) in base 7?
-5
Convert -15 (base 9) to base 8.
-16
Convert -3 (base 14) to base 5.
-3
Convert -1 (base 12) to base 3.
-1
Convert 6 (base 9) to base 5.
11
Convert 23 (base 4) to base 16.
b
What is 70 (base 14) in base 16?
62
What is -1021 (base 3) in base 16?
-22
What is 7 (base 14) in base 15?
7
Convert -1 (base 2) to base 8.
-1
-100 (base 4) to base 13
-13
Convert -10 (base 7) to base 12.
-7
Convert 21 (base 8) to base 3.
122
-7 (base 14) to base 16
-7
-1a (base 11) to base 9
-23
What is -122 (base 3) in base 12?
-15
What is 17 (base 15) in base 12?
1a
What is 1 (base 6) in base 13?
1
10 (base 7) to base 14
7
123 (base 7) to base 11
60
What is -30 (base 5) in base 13?
-12
Convert 1 (base 13) to base 10.
1
What is -4 (base 14) in base 8?
-4
What is 111100 (base 2) in base 16?
3c
What is -24 (base 9) in base 15?
-17
What is -53 (base 9) in base 2?
-110000
-11 (base 4) to base 2
-101
Convert -2 (base 7) to base 15.
-2
Convert -343 (base 5) to base 12.
-82
-10000 (base 2) to base 7
-22
What is -13 (base 9) in base 5?
-22
-10 (base 10) to base 12
-a
Convert -1 (base 14) to base 4.
-1
Convert 153 (base 6) to base 4.
1011
What is -140 (base 8) in base 13?
-75
Convert 3 (base 11) to base 14.
3
What is 236 (base 8) in base 6?
422
-3 (base 8) to base 10
-3
What is -4 (base 9) in base 3?
-11
-1 (base 8) to base 12
-1
What is 21122 (base 3) in base 7?
413
Convert 110 (base 2) to base 10.
6
What is -12 (base 6) in base 14?
-8
What is -2b (base 13) in base 6?
-101
What is -3 (base 8) in base 2?
-11
What is -d (base 16) in base 9?
-14
-210 (base 6) to base 16
-4e
59 (base 11) to base 10
64
Convert -12 (base 11) to base 7.
-16
-c (base 14) to base 15
-c
Convert 1 (base 15) to base 16.
1
What is -1 (base 8) in base 11?
-1
Convert -3 (base 9) to base 6.
-3
-2 (base 15) to base 2
-10
Convert -1 (base 8) to base 4.
-1
-1110101 (base 2) to base 11
-a7
What is 43 (base 14) in base 8?
73
425 (base 9) to base 8
533
Convert 4 (base 10) to base 3.
11
What is 1132 (base 4) in base 2?
1011110
-10 (base 11) to base 16
-b
What is 3 (base 10) in base 7?
3
-2 (base 8) to base 13
-2
Convert -6 (base 14) to base 4.
-12
What is 2 (base 11) in base 6?
2
What is 24 (base 10) in base 7?
33
What is -c9 (base 14) in base 12?
-129
101 (base 2) to base 6
5
12 (base 7) to base 12
9
112 (base 3) to base 5
24
-9 (base 16) to base 14
-9
74 (base 12) to base 5
323
Convert 200 (base 8) to base 16.
80
What is 40 (base 10) in base 9?
44
-7 (base 8) to base 12
-7
What is 15 (base 14) in base 5?
34
1 (base 13) to base 5
1
Convert 310 (base 6) to base 2.
1110010
Convert 0 (base 5) to base 6.
0
Convert 2 (base 11) to base 14.
2
-11 (base 11) to base 2
-1100
Convert 2 (base 8) to base 14.
2
What is -22 (base 6) in base 11?
-13
Convert -9 (base 15) to base 13.
-9
Convert 63 (base 13) to base 6.
213
Convert 10000 (base 2) to base 14.
12
2 (base 9) to base 3
2
What is 211 (base 3) in base 2?
10110
What is 3 (base 15) in base 11?
3
23 (base 16) to base 15
25
-22 (base 14) to base 2
-11110
-54 (base 13) to base 15
-49
Convert -562 (base 7) to base 8.
-441
120 (base 3) to base 10
15
Convert 30 (base 14) to base 9.
46
Convert 1 (base 8) to base 6.
1
Convert -1101011 (base 2) to base 16.
-6b
What is -3 (base 12) in base 4?
-3
Convert -16 (base 12) to base 14.
-14
What is 1003 (base 4) in base 7?
124
Convert 2 (base 16) to base 11.
2
What is 273 (base 8) in base 16?
bb
What is -152 (base 7) in base 12?
-72
Convert a7 (base 13) to base 15.
92
What is 5 (base 10) in base 2?
101
11031 (base 4) to base 7
654
-3 (base 8) to base 16
-3
11 (base 2) to base 10
3
What is 1 (base 14) in base 6?
1
What is 3a (base 12) in base 7?
64
Convert 110 (base 4) to base 2.
10100
-134 (base 5) to base 6
-112
What is -21 (base 7) in base 11?
-14
What is -6 (base 16) in base 4?
-12
Convert 8 (base 10) to base 8.
10
-2111 (base 3) to base 14
-4b
-3 (base 16) to base 6
-3
-15 (base 10) to base 5
-30
-130 (base 4) to base 9
-31
Convert 11 (base 2) to base 8.
3
Convert -203 (base 7) to base 3.
-10202
Convert 16 (base 16) to base 15.
17
4 (base 13) to base 14
4
-89 (base 10) to base 11
-81
14b (base 13) to base 16
e8
What is -1111000 (base 2) in base 5?
-440
What is 33 (base 10) in base 2?
100001
Convert -2 (base 9) to base 15.
-2
Convert -365 (base 9) to base 5.
-2202
What is 16 (base 7) in base 4?
31
Convert -3 (base 15) to base 7.
-3
-1c (base 14) to base 11
-24
Convert 3 (base 6) to base 3.
10
What is -27 (base 12) in base 8?
-37
1100 (base 2) to base 14
c
Convert -3 (base 15) to base 8.
-3
Convert 7 (base 15) to base 11.
7
Convert 23 (base 8) to base 4.
103
Convert 41 (base 10) to base 16.
29
-21 (base 13) to base 7
-36
0 (base 10) to base 4
0
What is -11 (base 9) in base 13?
-a
-10000 (base 2) to base 7
-22
Convert 3 (base 4) to base 14.
3
What is 0 (base 3) in base 11?
0
What is 70 (base 12) in base 7?
150
Convert -1200 (base 5) to base 10.
-175
Convert 3b (base 14) to base 9.
58
Convert -12 (base 13) to base 11.
-14
-1000111 (base 2) to base 3
-2122
6 (base 8)